{"id":5211,"date":"2026-03-11T22:49:35","date_gmt":"2026-03-11T22:49:35","guid":{"rendered":"https:\/\/sub.alfasoft.rs\/?page_id=5211"},"modified":"2026-03-11T22:58:24","modified_gmt":"2026-03-11T22:58:24","slug":"%d0%b8%d0%b4-%d0%bf%d0%be%d0%b4%d0%b0%d1%86%d0%b8","status":"publish","type":"page","link":"https:\/\/suboticagas.co.rs\/hun\/%d0%b8%d0%b4-%d0%bf%d0%be%d0%b4%d0%b0%d1%86%d0%b8\/","title":{"rendered":"azonos\u00edt\u00f3 adatok"},"content":{"rendered":"<div data-elementor-type=\"wp-post\" data-elementor-id=\"5211\" class=\"elementor elementor-5211\">\n\t\t\t\t<div class=\"elementor-element elementor-element-5f02ddf e-flex e-con-boxed e-con e-parent\" data-id=\"5f02ddf\" data-element_type=\"container\" data-e-type=\"container\" data-settings=\"{&quot;background_background&quot;:&quot;classic&quot;}\">\n\t\t\t\t\t<div class=\"e-con-inner\">\n\t\t<div class=\"elementor-element elementor-element-0502d81 e-con-full e-flex e-con e-child\" data-id=\"0502d81\" data-element_type=\"container\" data-e-type=\"container\">\n\t\t\t\t<div class=\"elementor-element elementor-element-03d202b elementor-widget elementor-widget-heading\" data-id=\"03d202b\" data-element_type=\"widget\" data-e-type=\"widget\" data-widget_type=\"heading.default\">\n\t\t\t\t<div class=\"elementor-widget-container\">\n\t\t\t\t\t<h1 class=\"elementor-heading-title elementor-size-default\">azonos\u00edt\u00f3 adatok<\/h1>\t\t\t\t<\/div>\n\t\t\t\t<\/div>\n\t\t\t\t<\/div>\n\t\t\t\t\t<\/div>\n\t\t\t\t<\/div>\n\t\t<div class=\"elementor-element elementor-element-204b6fe e-flex e-con-boxed e-con e-parent\" data-id=\"204b6fe\" data-element_type=\"container\" data-e-type=\"container\">\n\t\t\t\t\t<div class=\"e-con-inner\">\n\t\t\t\t<div class=\"elementor-element elementor-element-b053444 elementor-widget elementor-widget-heading\" data-id=\"b053444\" data-element_type=\"widget\" data-e-type=\"widget\" data-widget_type=\"heading.default\">\n\t\t\t\t<div class=\"elementor-widget-container\">\n\t\t\t\t\t<h2 class=\"elementor-heading-title elementor-size-default\">azonos\u00edt\u00f3 adatok<\/h2>\t\t\t\t<\/div>\n\t\t\t\t<\/div>\n\t\t\t\t\t<\/div>\n\t\t\t\t<\/div>\n\t\t<div class=\"elementor-element elementor-element-9829b12 e-grid e-con-boxed e-con e-parent\" data-id=\"9829b12\" data-element_type=\"container\" data-e-type=\"container\">\n\t\t\t\t\t<div class=\"e-con-inner\">\n\t\t\t\t<div class=\"elementor-element elementor-element-0c58ba1 elementor-widget elementor-widget-text-editor\" data-id=\"0c58ba1\" data-element_type=\"widget\" data-e-type=\"widget\" data-widget_type=\"text-editor.default\">\n\t\t\t\t<div class=\"elementor-widget-container\">\n\t\t\t\t\t\t\t\t\t<h3 class=\"fusion-responsive-typography-calculated\" data-fontsize=\"18\" data-lineheight=\"27px\"><strong>Szem\u00e9lyazonos\u00edt\u00f3 adatok<\/strong><\/h3><p><strong>Ad\u00f3azonos\u00edt\u00f3 sz\u00e1m (PIB)<\/strong>\u00a0104200200<\/p><p><strong>Mati\u010dni broj<\/strong>\u00a020114223<\/p><p><strong>Nyilv\u00e1ntart\u00e1si sz\u00e1m<\/strong>\u00a020114223<\/p><p><strong>V\u00e1llalat (teljes n\u00e9v)\u00a0<\/strong>Javno Komunalno Preduze\u0107e \u201eSuboticagas\u201c<\/p><p><strong>Firma (skra\u0107eni naziv)\u00a0<\/strong>JKP \u201eSuboticagas\u201c<\/p><p><strong>Ime i prezime ovla\u0161\u0107enog lica\u00a0<\/strong>Horv\u00e1th Timea, MSc.<\/p><p><strong>Podaci o sedi\u0161tu\u00a0<\/strong>Szabadka<\/p><p><strong>Op\u0161tina<\/strong>\u00a0Szabadka<\/p><p><strong>Hely<\/strong>\u00a0Szabadka<\/p><p><strong>Utcan\u00e9v\u00a0<\/strong>Jovana Miki\u0107a<\/p><p><strong>Ku\u0107ni broj\u00a0<\/strong>58.<\/p><p><strong>Telefonsz\u00e1m\u00a0<\/strong>(024) 641-200 \u00e9s 641-201<\/p><p><strong>Faxsz\u00e1m\u00a0<\/strong>(024) 641-220<\/p><p><strong>e-mail\u00a0<\/strong>office@suboticagas.co.rs<\/p><p><strong>Forgalmaz\u00f3\u00a0<\/strong>Igen<\/p><p><strong>\u00e1fa-k\u00f6teles\u00a0<\/strong>Igen<\/p>\t\t\t\t\t\t\t\t<\/div>\n\t\t\t\t<\/div>\n\t\t<div class=\"elementor-element elementor-element-3c7379d e-con-full e-flex e-con e-child\" data-id=\"3c7379d\" data-element_type=\"container\" data-e-type=\"container\">\n\t\t\t\t<div class=\"elementor-element elementor-element-67a8646 elementor-widget elementor-widget-text-editor\" data-id=\"67a8646\" data-element_type=\"widget\" data-e-type=\"widget\" data-widget_type=\"text-editor.default\">\n\t\t\t\t<div class=\"elementor-widget-container\">\n\t\t\t\t\t\t\t\t\t<h3 class=\"fusion-responsive-typography-calculated\" data-fontsize=\"18\" data-lineheight=\"27px\"><strong>A tev\u00e9kenys\u00e9g r\u00e9szletei<\/strong><\/h3><p><strong>C\u00e9gn\u00e9v<\/strong>\u00a0JKP \u201e Suboticagas\u201c<\/p><p><strong>\u0160ifra delatnosti<\/strong>\u00a03522<\/p>\t\t\t\t\t\t\t\t<\/div>\n\t\t\t\t<\/div>\n\t\t\t\t<div class=\"elementor-element elementor-element-9c843ce elementor-widget-divider--separator-type-pattern elementor-widget-divider--view-line elementor-widget elementor-widget-divider\" data-id=\"9c843ce\" data-element_type=\"widget\" data-e-type=\"widget\" data-widget_type=\"divider.default\">\n\t\t\t\t<div class=\"elementor-widget-container\">\n\t\t\t\t\t\t\t<div class=\"elementor-divider\" style=\"--divider-pattern-url: url(&quot;data:image\/svg+xml,%3Csvg xmlns=&#039;http:\/\/www.w3.org\/2000\/svg&#039; preserveAspectRatio=&#039;none&#039; overflow=&#039;visible&#039; height=&#039;100%&#039; viewBox=&#039;0 0 24 24&#039; fill=&#039;none&#039; stroke=&#039;black&#039; stroke-width=&#039;2&#039; stroke-linecap=&#039;square&#039; stroke-miterlimit=&#039;10&#039;%3E%3Cpolyline points=&#039;0,18 12,6 24,18 &#039;\/%3E%3C\/svg%3E&quot;);\">\n\t\t\t<span class=\"elementor-divider-separator\">\n\t\t\t\t\t\t<\/span>\n\t\t<\/div>\n\t\t\t\t\t\t<\/div>\n\t\t\t\t<\/div>\n\t\t\t\t<div class=\"elementor-element elementor-element-cc4d674 elementor-widget elementor-widget-text-editor\" data-id=\"cc4d674\" data-element_type=\"widget\" data-e-type=\"widget\" data-widget_type=\"text-editor.default\">\n\t\t\t\t<div class=\"elementor-widget-container\">\n\t\t\t\t\t\t\t\t\t<h3 class=\"fusion-responsive-typography-calculated\" data-fontsize=\"18\" data-lineheight=\"27px\"><strong>Podaci o ra\u010dunu u banci<\/strong><\/h3><p><strong>Vojvo\u0111anska banka OTP Group<\/strong>: 325-9500600044154-90<\/p><p><strong>\u201eKomercijalna banka\u201c a.d.<\/strong>\u00a0Belgr\u00e1d 205-178780-61<\/p><p><strong>\u201eBanka Po\u0161tanska \u0161tedionica\u201c a.d.<\/strong>\u00a0Belgr\u00e1d 200-2435070102029-70<\/p>\t\t\t\t\t\t\t\t<\/div>\n\t\t\t\t<\/div>\n\t\t\t\t<\/div>\n\t\t\t\t\t<\/div>\n\t\t\t\t<\/div>\n\t\t\t\t<\/div>","protected":false},"excerpt":{"rendered":"<p>ID podaci ID podaci Podaci za identifikaciju Poreski identfikacioni broj (PIB)\u00a0104200200 Mati\u010dni broj\u00a020114223 Registarski broj\u00a020114223 Firma (pun naziv)\u00a0Javno Komunalno Preduze\u0107e [&hellip;]<\/p>\n","protected":false},"author":1,"featured_media":0,"parent":0,"menu_order":0,"comment_status":"closed","ping_status":"closed","template":"","meta":{"site-sidebar-layout":"no-sidebar","site-content-layout":"page-builder","ast-site-content-layout":"full-width-container","site-content-style":"unboxed","site-sidebar-style":"unboxed","ast-global-header-display":"","ast-banner-title-visibility":"","ast-main-header-display":"","ast-hfb-above-header-display":"","ast-hfb-below-header-display":"","ast-hfb-mobile-header-display":"","site-post-title":"disabled","ast-breadcrumbs-content":"","ast-featured-img":"disabled","footer-sml-layout":"","ast-disable-related-posts":"","theme-transparent-header-meta":"enabled","adv-header-id-meta":"","stick-header-meta":"","header-above-stick-meta":"","header-main-stick-meta":"","header-below-stick-meta":"","astra-migrate-meta-layouts":"set","ast-page-background-enabled":"default","ast-page-background-meta":{"desktop":{"background-color":"","background-image":"","background-repeat":"repeat","background-position":"center center","background-size":"auto","background-attachment":"scroll","background-type":"","background-media":"","overlay-type":"","overlay-color":"","overlay-opacity":"","overlay-gradient":""},"tablet":{"background-color":"","background-image":"","background-repeat":"repeat","background-position":"center center","background-size":"auto","background-attachment":"scroll","background-type":"","background-media":"","overlay-type":"","overlay-color":"","overlay-opacity":"","overlay-gradient":""},"mobile":{"background-color":"","background-image":"","background-repeat":"repeat","background-position":"center center","background-size":"auto","background-attachment":"scroll","background-type":"","background-media":"","overlay-type":"","overlay-color":"","overlay-opacity":"","overlay-gradient":""}},"ast-content-background-meta":{"desktop":{"background-color":"var(--ast-global-color-5)","background-image":"","background-repeat":"repeat","background-position":"center center","background-size":"auto","background-attachment":"scroll","background-type":"","background-media":"","overlay-type":"","overlay-color":"","overlay-opacity":"","overlay-gradient":""},"tablet":{"background-color":"var(--ast-global-color-5)","background-image":"","background-repeat":"repeat","background-position":"center center","background-size":"auto","background-attachment":"scroll","background-type":"","background-media":"","overlay-type":"","overlay-color":"","overlay-opacity":"","overlay-gradient":""},"mobile":{"background-color":"var(--ast-global-color-5)","background-image":"","background-repeat":"repeat","background-position":"center center","background-size":"auto","background-attachment":"scroll","background-type":"","background-media":"","overlay-type":"","overlay-color":"","overlay-opacity":"","overlay-gradient":""}},"footnotes":""},"class_list":["post-5211","page","type-page","status-publish","hentry"],"_links":{"self":[{"href":"https:\/\/suboticagas.co.rs\/hun\/wp-json\/wp\/v2\/pages\/5211","targetHints":{"allow":["GET"]}}],"collection":[{"href":"https:\/\/suboticagas.co.rs\/hun\/wp-json\/wp\/v2\/pages"}],"about":[{"href":"https:\/\/suboticagas.co.rs\/hun\/wp-json\/wp\/v2\/types\/page"}],"author":[{"embeddable":true,"href":"https:\/\/suboticagas.co.rs\/hun\/wp-json\/wp\/v2\/users\/1"}],"replies":[{"embeddable":true,"href":"https:\/\/suboticagas.co.rs\/hun\/wp-json\/wp\/v2\/comments?post=5211"}],"version-history":[{"count":4,"href":"https:\/\/suboticagas.co.rs\/hun\/wp-json\/wp\/v2\/pages\/5211\/revisions"}],"predecessor-version":[{"id":5215,"href":"https:\/\/suboticagas.co.rs\/hun\/wp-json\/wp\/v2\/pages\/5211\/revisions\/5215"}],"wp:attachment":[{"href":"https:\/\/suboticagas.co.rs\/hun\/wp-json\/wp\/v2\/media?parent=5211"}],"curies":[{"name":"wp","href":"https:\/\/api.w.org\/{rel}","templated":true}]}}